 = h**3 + 45*h**2 + 162*h - 58. Let f be g(-41). Let n = -1 - -6. Suppose n*i - f = -i. What is the units digit of i?
4
Suppose -5*u - 8 = -6*u. Let m(x) = -2*x**2 + 15*x + 10. Let g be m(u). Suppose -g*f - 2*o = -3*o - 249, -4*o - 624 = -5*f. What is the tens digit of f?
2
Suppose 4*i - 2*y = 504, 2*y + 6 = -3*i + 391. Suppose 111*t = i*t - 22912. What is the thousands digit of t?
1
Let k = 11363 - 7432. What is the thousands digit of k?
3
Let o(s) = -s + 60. Let y be o(28). Let q = 145 - y. Let x = 62 + q. What is the units digit of x?
5
Suppose 4*j - 16 = 0, -4*c - 257 = -5*j - 35357. What is the hundreds digit of c?
7
Suppose -5*i = k + 24 - 148, 0 = 3*k - 2*i - 406. Suppose 0 = 135*v - k*v - 2. What is the units digit of -111*(1/v)/(7/(-14))?
1
Suppose -3*u = 4*p + u - 104, 0 = p - 3*u - 42. Suppose 38*g + p = 39*g. Suppose g = c - 37. What is the units digit of c?
7
Let i(y) = y**3 - 5*y**2 + 5*y - 9. Let j be i(4). Let n(b) = b**2 - 7*b - 17. Let x be n(j). Let o = x - -24. What is the tens digit of o?
6
Suppose -4154 = -2*w + r, 5*r - 3*r + 4 = 0. Suppose -w = -40*t + 34*t. What is the units digit of t?
6
Let j = -478 - -68. Let p be (-16)/24 - j/3. Suppose -4*b - 36 = -4*s - p, 119 = 5*b + s. What is the tens digit of b?
2
Suppose -7 = -5*k + 2*o, 0*k - 4*o = k + 3. Let p(n) = -36*n**3 - n**2 + n - 1. Let x be p(k). Let j = x + 51. What is the units digit of j?
4
Suppose 3*o = 4*o - 2, -3*r + 5*o - 94 = 0. Let u be 7/r + 783/12. What is the tens digit of 7709/u - (-4)/10?
1
Let t = 2 + 124. Suppose 10*q - t = q. What is the units digit of q?
4
Let w = 85 - -68. Suppose -j + 279 = -5*m, -w = -j + 3*m + 122. What is the units digit of j?
9
What is the tens digit of 27/5*(1598 + 87)?
9
Let b = -7960 + 17273. What is the hundreds digit of b?
3
Let y = -87 + 72. Let r(c) be the first derivative of c**4/4 + 5*c**3 - 7*c**2/2 - 22*c + 29. What is the units digit of r(y)?
3
Let r(z) = 2*z**2 + 2*z - 14. Let a be r(0). Let w be ((-21)/(-6))/((-7)/a). Suppose -w*k - 63 = -10*k. What is the tens digit of k?
2
Let z = -4870 - -18284. What is the thousands digit of z?
3
Let s(c) = c**3 + 7*c**2 + 10*c. Let x be s(-4). Suppose x = -g + 9. What is the units digit of g*3/((-12)/(-116))?
9
Let c be 18/4*(-4)/(-3). Let a(d) = -26*d + 257. Let k be a(-7). Suppose -k - 935 = -c*s. What is the tens digit of s?
2
Suppose -144*n + 76*n = -90*n + 176330. What is the units digit of n?
5
What is the tens digit of (-4)/(-6)*((42805 - -28) + -11)?
4
Suppose -3*u = -2*h - 7827, -2 = 3*h - 11. What is the tens digit of u?
1
Suppose 5157*j + 13686 = 5160*j. What is the thousands digit of j?
4
Let l = -162 + 148. Let w(x) = -2*x**3 - 24*x**2 + 10*x - 17. What is the tens digit of w(l)?
2
Let j be (-1)/(-4) - (-22)/8. Let x(k) = -4*k - 132. Let b be x(-39). Suppose -z + 26 = -j*t, 2*z - 2*t + b - 88 = 0. What is the tens digit of z?
3
Suppose 5*i = -15*i + 480. Suppose i*u = 8*u + 5552. What is the units digit of u?
7
Let r(t) = -t + 13. Let s be r(11). Suppose -4*z + 28 = -3*x, -s*z = z + 3*x. Suppose 7 + 33 = z*p. What is the units digit of p?
0
Let g(s) = 3*s**2 - 292*s - 48. What is the hundreds digit of g(-21)?
4
Let q(v) = 3*v**2 + 5*v**2 - 21 - 7*v**2 - 8*v - 2*v. Let j be q(12). Suppose o - 5*k = -2*k + 106, -k + 348 = j*o. What is the tens digit of o?
1
Suppose 6 = -6*c + 9*c. Suppose -c*t = 2*g - 5*t - 1434, 5*g - 3566 = -2*t. What is the units digit of g?
4
Let f = -160 + 199. Suppose f*i = 40*i - 466. What is the hundreds digit of i?
4
Suppose -34*p + 14*p + 498150 = 21*p. What is the ten thousands digit of p?
1
What is the units digit of (10 - 0)*(-6677709)/(-2955)?
8
Suppose -14*u - 1005 = -6801. Let t = u + -207. What is the tens digit of t?
0
Let k(r) = 35*r**2 + 51*r - 205. What is the units digit of k(4)?
9
Let c(u) = 2*u**2 + 4*u - 1. Let h be c(1). Let x(z) = 57*z + 17. Let k(v) = 29*v + 8. Let a(l) = h*k(l) - 2*x(l). What is the units digit of a(5)?
1
What is the tens digit of (30 - -2)/(55/(-10) - -6)?
6
Suppose 3*m + 3 = -3*p + 9, -3*m - 18 = -5*p. Let k(w) = -102*w + 3. Let a be k(m). What is the units digit of a*(1 - (-2)/(-5))?
3
Let u = 9931 - 1291. What is the thousands digit of u?
8
Suppose 289*m - 890545 - 113152 = 0. What is the units digit of m?
3
Suppose -57740*x = -57756*x + 174848. What is the thousands digit of x?
0
Let o(f) = f**3 - f**2 - 2*f + 18. Let d be o(0). What is the units digit of (4986/12)/(d/24)?
4
Let x(b) = b + 1. Let c be x(2). Suppose -2*q + 25 = -5*g - 0, 25 = 3*q - 5*g. Suppose -k + c*i = -214, 4*i + q*i - 408 = -2*k. What is the units digit of k?
8
Let c be -1*5/(-5 - -4). Suppose -2384 = -h + c*h. What is the units digit of h/(-6) + 3/(-9)?
9
Let z(n) = -n**3 + 4*n**2 + 2. Let w be z(4). Let p(d) = 9*d**2 - 2 - 14*d**w - 4*d + 9 + 16*d**2. What is the tens digit of p(3)?
9
Let s be (-24)/(6/(-2)) + 20/(-5). Suppose 7*h = s*h + 18. What is the units digit of (-4)/(-8)*(438 + h)?
2
Let q be (7 + -9)*20/(-8). Suppose -7 = q*a + 38. Let p(g) = -6*g - 4. What is the units digit of p(a)?
0
Suppose 10543 = 4*f - 5*u, -2*u - 3846 - 1428 = -2*f. What is the tens digit of f?
4
Let f = -34 + 4. Let j be (-1)/((f/3535)/6). Suppose -5*y + 3*x = -704, 5*y - 6*x - j = -2*x. What is the tens digit of y?
3
Suppose -3*k + u = -6796, -k + 9059 = 3*k + u. Let q = k + -921. What is the hundreds digit of q?
3
Suppose 8*o = 11*o + 303. Let d = o + 108. Suppose d*u - 507 = 4*u. What is the tens digit of u?
6
Suppose 10*d + 24 = -36. Let j(a) = a**3 + 14*a**2 + 10. What is the hundreds digit of j(d)?
2
What is the hundreds digit of 134/30*14614 + 2 + 2274/17055?
2
What is the thousands digit of (2832/(-136))/(-3) + (-4)/(-68) + 1452?
1
Suppose -17 + 16 = 2*d - 3*a, -4*d - 3*a - 11 = 0. What is the tens digit of 1937/(-156)*-76 + d/3?
4
Let a(s) = -s**3 - 7*s**2 - 2*s - 12. Let h be a(-7). Suppose -h*o = -2*q - 6, -q - 4 + 5 = 0. What is the tens digit of ((-59)/o)/((-5)/40)?
1
Let c = -16106 + 28113. What is the thousands digit of c?
2
Suppose -62*o + 563355 = -432985. What is the ten thousands digit of o?
1
Let x be -2*-1*135/(-6). Suppose 0 = -2*l - 87 + 335. Let v = x + l. What is the tens digit of v?
7
Let b(j) = -j**3 + 4*j**2 - 2*j - 1. Let y be b(1). Suppose -2*z + 6*z - 604 = y. What is the tens digit of z?
5
Suppose -68*b + 264416 = 15740. What is the units digit of b?
7
Let n(x) = -651*x + 28. What is the thousands digit of n(-3)?
1
Suppose -9*c = -439 - 4493. Suppose -2*u - 1424 = -4*g - c, u + 2 = 0. What is the units digit of g?
8
Let t be 3*(-12)/9*-1. Suppose -11551*m = -11547*m - 12. Suppose 4*i - 4*u - 230 = 186, 0 = -t*i + m*u + 416. What is the units digit of i?
4
Let y(n) = -157*n**3 - 3*n**2 - 23*n + 3. What is the ten thousands digit of y(-4)?
1
Suppose 18*h + 17*h - 8960 = 0. Suppose 0 = -246*x + h*x - 5190. What is the hundreds digit of x?
5
Let u(j) be the second derivative of -1/12*j**4 - 5/2*j**3 - 21/2*j**2 + 15*j + 0. What is the units digit of u(-9)?
3
Let y be -141*(-3 - -1*(11 + -2)). Let s be 8/(-4) - y - 1. What is the units digit of 6/(90/s) + (-1)/5?
6
Let a(t) = 36*t**2 + 6*t - 100. What is the hundreds digit of a(8)?
2
Let m be (-2 - -4) + (-3)/1. Let f = -709 + 711. What is the tens digit of (m + 0)*f/(6/(-51))?
1
Suppose -49 + 5 = -2*x. Suppose -x*j + 55*j = 12441. What is the hundreds digit of j?
3
Let b = 22043 + 1556. What is the units digit of b?
9
Let l = -75 + 9. Let u = 2324 - 758. What is the units digit of 12/l + u/22?
1
Suppose 8*t = 4*i + 3*t - 1060, 2*t = 5*i - 1342. Suppose 0 = -2*j - j. What is the tens digit of (j - -1)/(2/i)?
3
Suppose 244*b - 252*b = -13568. Let c = b + -1099. What is the units digit of c?
7
Let q(x) = 425*x**2 + 3*x - 4. Suppose 10*h + 8 = 18*h. What is the tens digit of q(h)?
2
Suppose 0 = -36*r + 33*r - 5*h + 18706, 0 = 5*r + 4*h - 31181. What is the hundreds digit of r?
2
Suppose -15*v + 371424 = 33*v. What is the hundreds digit of v?
7
Suppose 0 = 2*c + 4*c - 5250. Let k = 1250 - c. What is the units digit of k?
5
Suppose 0 = -2*c + 4*q - 28 - 34, -113 = 3*c + 4*q. Let s = c + 38. Suppose -108 = -s*v - 3*k, -3*v + 5*v - k - 66 = 0. What is the units digit of v?
4
Suppose 24*a - 21*a + 5*o - 33273 = 0, 44352 = 4*a + 8*o. What is the tens digit of a?
0
Le